(-2)/120). What are the prime factors of (-49)/(-5) - 6/n?
2, 5
Let f(b) = 218*b + 309. List the prime factors of f(6).
3, 7, 11
Suppose 3*i = 4*i + 74. Let q be (29/1)/(6/(-24)). Let k = i - q. List the prime factors of k.
2, 3, 7
Suppose 4*h + 10 = 2*k + h, 4*h + 39 = 5*k. Suppose 9*y - k*y + 864 = 0. Suppose -y = -6*w + 6. List the prime factors of w.
73
Suppose 3*t - 5*t = 6. Let l(a) = -3*a - 9. Let b(q) = 6*q + 19. Let s(o) = t*b(o) - 7*l(o). What are the prime factors of s(3)?
3, 5
Suppose -82*f - 40033 = -389681. What are the prime factors of f?
2, 13, 41
Let v = 168 + -102. Suppose -5*f + v = -24. List the prime factors of (f + 1 - -3) + 2.
2, 3
Let o = -5 + 9. Let k = o - 4. Suppose k = 3*x + 4*y - 42, y - 24 = -3*x + 3*y. List the prime factors of x.
2, 5
Let f(n) = -n - 2*n + 28 - n**2 + n + n**3. List the prime factors of f(0).
2, 7
Suppose 7240 = 2*y - 4*o, o - 1901 = -y + 1731. What are the prime factors of y?
2, 907
Let m = 333 + 551. What are the prime factors of m?
2, 13, 17
Let g = 1590 - 1143. What are the prime factors of g?
3, 149
List the prime factors of 45964/34 - (-96)/816.
2, 13
Let o(q) = 23*q + 47. Let c(x) = -x - 1. Let v(f) = -4*c(f) - o(f). What are the prime factors of v(-6)?
71
Let d be (-6)/10 + 14/(-35). Let p(l) = -9*l**3 + 0*l**3 - 5*l**3 - 9*l**3 + 1. What are the prime factors of p(d)?
2, 3
Let z(g) = 3*g + 1199. Let b be z(0). Suppose -4*f - 247 = 4*l - b, f - 724 = -3*l. List the prime factors of l.
3
Let r(q) = -26*q - 15. Let z(b) = 17*b + 10. Let k(l) = 5*r(l) + 8*z(l). Let p be k(-9). Let v = -28 - p. List the prime factors of v.
3, 7
Let f(p) = -p**3 + 7*p**2 + 3*p**2 + 9*p - 6*p - 17. What are the prime factors of f(8)?
3, 5
Let w be 14/35 + (-144)/(-15). Let n = -33 + 77. Let k = n - w. List the prime factors of k.
2, 17
List the prime factors of (2 - 3 - -894) + 69/(-69).
2, 223
Suppose 0 = -5*d - 6*b + 5*b + 2124, 2*d = 4*b + 832. What are the prime factors of d?
2, 53
Let w be 0 + (0 - -5) + -2. Suppose -w*p = -3*u - 7 - 8, 0 = -2*u - 2*p + 10. Let z(d) = d**3 - d**2 + d + 16. List the prime factors of z(u).
2
Suppose 8*d - 293 - 459 = 0. What are the prime factors of d?
2, 47
Let h(v) = v**2 - 32*v - 110. What are the prime factors of h(38)?
2, 59
Let m(f) = -f**2 - 9*f - 1. Suppose 24 = 3*z - 6*z. What are the prime factors of m(z)?
7
Let u be ((-21)/6)/(4/8). Let k(q) = q**3 - q**2 - q + 14. Let l be k(0). List the prime factors of (-102)/(-4) - u/l.
2, 13
Suppose -3*p = 3*g - 12, -3*g - 4*p + 5 + 6 = 0. Let l be 360/((-1)/(-5)*g). Suppose -2*o - 3*o + l = 0. What are the prime factors of o?
2, 3
Let m(l) = l**2 + l + 2. Let g be m(6). Let c = 42 + 25. Let n = c - g. What are the prime factors of n?
23
Suppose -215*z + 202*z = -19929. List the prime factors of z.
3, 7, 73
Suppose 12*m - 1040 + 104 = 0. Suppose a = m - 50. What are the prime factors of a?
2, 7
Suppose -t + 2405 + 290 = 0. What are the prime factors of t?
5, 7, 11
Let r(g) = -2*g + 7. Let n be r(7). Let s = n - -49. What are the prime factors of s - (1 + -2 - 1)?
2, 11
Suppose -5*u + 10 = -0*g - 5*g, 0 = 5*g - u - 10. Suppose 53*n - 270 = 48*n. List the prime factors of n/((-8)/(g - 7)).
3
Suppose -3*o + 6 = -3*l, 0*l + 5*l + 4*o = 35. Suppose l*c - 129 = 120. What are the prime factors of c?
83
Let h(j) = j**3 + 16*j**2 + 13*j - 4. Let z be (-2)/(-10) + (-1392)/(-15). Suppose -5*l - z = -18. List the prime factors of h(l).
2, 13
Let y(q) = q**3 - 2 - 1 - 2 + 5*q**2 + 3*q + 1. Let z be y(-3). Suppose 3*c + 176 = 4*m, -c = -z*m - 0*m + 220. What are the prime factors of m?
2, 11
Suppose 3855 + 7821 = 6*s. List the prime factors of s.
2, 7, 139
Let t = -73 - -54. Suppose -5*y + 163 = 3*l, -4*l = 2*y - 167 - 27. Let n = l + t. List the prime factors of n.
3
Let r(l) = l**2 + 13*l - 12. Let o = 0 + -16. What are the prime factors of r(o)?
2, 3
Suppose 5*w - 398 = -2*r, -4*r + 396 = 2*w + 3*w. Let h = -38 + w. Suppose -h = -3*b + 54. What are the prime factors of b?
2
Let f(c) = c**2 + c + 1. Let x(p) = p**3 - 10*p**2 + 1. Let g(v) = 5*f(v) + x(v). Let s be g(5). Let t = s + 41. List the prime factors of t.
2, 3
Let a = 1232 + -660. What are the prime factors of a?
2, 11, 13
Let j(w) = -w**3 - 6*w**2 + 9*w + 10. Let q be j(-7). Let b(c) = -6*c - 21. List the prime factors of b(q).
3
What are the prime factors of (-16892)/(-16) - (7 - 25/4)?
5, 211
Let v(l) = -59*l - 44. What are the prime factors of v(-7)?
3, 41
Suppose -6*u = -5027 - 5335. List the prime factors of u.
11, 157
Suppose -5*i = 4*i - 63. Suppose i*v = -2*v + 1044. List the prime factors of v.
2, 29
Let o = 17 + -15. Let m(w) = 11*w**2 + 3*w - 3. What are the prime factors of m(o)?
47
Let d(u) = 3*u**3 + 2*u - 1. Let y be d(1). Suppose 4*v + 8 = y. What are the prime factors of ((-15)/(-2))/(v/(-10))?
3, 5
Let r(z) = -95*z + 219. What are the prime factors of r(-13)?
2, 727
Let c(x) = -x**3 + 4*x**2 + 14*x - 11. Let k be c(6). Suppose 2*g = 4*y - 254, -2*g + k - 7 = 0. What are the prime factors of y?
2, 31
Suppose 80 = 2*m - 58. Let l = 190 - m. List the prime factors of l.
11
Let v(g) be the first derivative of -3*g**2/2 - 15*g - 5. What are the prime factors of v(-11)?
2, 3
Suppose 3*b = p + 99, -2*b + 0*p = 3*p - 77. Let m = b + 30. What are the prime factors of m?
2
Let d(l) = -l**3 - 4*l**2 + 5*l - 2. Let s be d(-5). Let a be s/(-3) + 6/(-9). Suppose -5*m + 4 + 51 = a. List the prime factors of m.
11
Let c = 746 - -23. What are the prime factors of c?
769
Let x(w) = -w + 61. Let h be x(0). Let c = h - 43. Let m = c + -9. List the prime factors of m.
3
Let g = -43 - -68. Suppose 6*w - 11*w + g = 0. List the prime factors of w.
5
Suppose 0 = x + 2*v - 261 - 2868, -2*x = -v - 6258. List the prime factors of x.
3, 7, 149
Suppose -9222 = -11*p - 312. List the prime factors of p.
2, 3, 5
Suppose 0 = -4*b - 4, -c + b + 1852 = 0. What are the prime factors of c?
3, 617
List the prime factors of ((-1096)/10)/((-8)/20).
2, 137
Suppose 8*s + h = 3*s + 1775, 4*s - 1406 = 2*h. What are the prime factors of s?
2, 3, 59
Suppose -10*o = -4525 + 605. What are the prime factors of o?
2, 7
Let z = 38 + -26. Let f be -1 + (-1)/((-4)/z). List the prime factors of (3 - (2 + f)) + 14.
13
Let b = -130 - -378. List the prime factors of b.
2, 31
Let s(c) = -2*c - c**3 + 14 + 8*c**2 - 9 - 6. List the prime factors of s(7).
2, 17
Let g = -22 - -25. Suppose 3*t - 6 = g. Suppose 5*j - t*k = 166, 2*j - k - 39 - 28 = 0. What are the prime factors of j?
5, 7
Suppose -4*u - 3*l - 4 = 0, -5*l = -2*u + 5*u + 14. Suppose 3*r - 5*k - 123 = r, -u*k = 4*r - 186. List the prime factors of r.
7
Suppose 2*f + 318 = 5*f. What are the prime factors of f/10 + 2/5?
11
Suppose -3*h - 220 - 19 = n, 4*h = 5*n - 287. Let d = h - -89. What are the prime factors of d?
11
Let v(h) = 117*h + 2. Let o be -3 + 4/6*6. List the prime factors of v(o).
7, 17
Suppose 3*u - 6*p + 3*p = 141, u = -p + 45. What are the prime factors of u?
2, 23
Suppose 0 = -12*j + 20*j - 496. List the prime factors of j.
2, 31
Suppose 213*p - 650 = 212*p. List the prime factors of p.
2, 5, 13
Suppose -4*y + 3*l - 14 = -0*y, 2*y - 4 = -4*l. Let b(z) = -77*z + 10. Let a be b(5). List the prime factors of (y/3)/(5/a).
2, 5
Let y(i) = -i**3 + 8*i**2 - i + 8. Let l be y(8). Suppose x = -l*x - 34. Let d = 73 + x. List the prime factors of d.
3, 13
What are the prime factors of (((-51)/(-9))/(-1))/(5/(-330))?
2, 11, 17
Let v(i) = -i**2 - 31*i + 32. What are the prime factors of v(-16)?
2, 17
Let o be (-2 - 8/(-4)) + 3. Suppose 0 = -t - 0*c - 3*c - 12, 0 = -o*c - 9. Let n = t - -24. What are the prime factors of n?
3, 7
Suppose -z - 2*z + 4*h = 308, -71 = z + 5*h. Let i be (45/12)/(6/z). What are the prime factors of (i/(-24))/((-1)/(-8))?
2, 5
Suppose -3*s + 3237 = -3*l, -2*s + l - 1089 = -3*s. List the prime factors of s.
2, 271
Suppose 4*z + 2*f + 32 = 2*z, -70 = 4*z + f. Let s be 44/(-3) - 12/z. List the prime factors of 0/1 - (s + 4).
2, 5
Let a(b) = -b**3 - 9*b**2 + 7. Let l be a(-9). Suppose 0*c + 7 = -l*c. What are the prime factors of 69 - (-5 - c) - 4?
3, 23
Let o(z) be the third derivative of z**6/120 + 11*z**5/60 + 5*z**3/3 - 7*z**2. What are the prime factors of o(-11)?
2, 5
Suppose 8*q - 545 - 431 = 0. What are the prime factors of